{"id":9050,"date":"2021-04-22T11:48:41","date_gmt":"2021-04-22T11:48:41","guid":{"rendered":"https:\/\/lipikascampuseducativo.com\/saeme\/?page_id=9050"},"modified":"2025-11-08T16:05:16","modified_gmt":"2025-11-08T19:05:16","slug":"conocenos","status":"publish","type":"page","link":"https:\/\/lipikascampuseducativo.com\/saeme\/conocenos\/","title":{"rendered":"Conocenos"},"content":{"rendered":"\t\t<div data-elementor-type=\"wp-page\" data-elementor-id=\"9050\" class=\"elementor elementor-9050\" data-elementor-post-type=\"page\">\n\t\t\t\t\t\t<section class=\"elementor-section elementor-top-section elementor-element elementor-element-23efe14 elementor-section-boxed elementor-section-height-default elementor-section-height-default\" data-id=\"23efe14\" data-element_type=\"section\" data-e-type=\"section\">\n\t\t\t\t\t\t<div class=\"elementor-container elementor-column-gap-default\">\n\t\t\t\t\t<div class=\"elementor-column elementor-col-100 elementor-top-column elementor-element elementor-element-fd60854\" data-id=\"fd60854\" data-element_type=\"column\" data-e-type=\"column\">\n\t\t\t<div class=\"elementor-widget-wrap elementor-element-populated\">\n\t\t\t\t\t\t<div class=\"elementor-element elementor-element-ace4f2b elementor-widget elementor-widget-heading\" data-id=\"ace4f2b\" data-element_type=\"widget\" data-e-type=\"widget\" data-widget_type=\"heading.default\">\n\t\t\t\t<div class=\"elementor-widget-container\">\n\t\t\t\t\t<h2 class=\"elementor-heading-title elementor-size-default\">\u00bfQuienes componen SAEME?<\/h2>\t\t\t\t<\/div>\n\t\t\t\t<\/div>\n\t\t\t\t<div class=\"elementor-element elementor-element-de3b2ef elementor-widget elementor-widget-text-editor\" data-id=\"de3b2ef\" data-element_type=\"widget\" data-e-type=\"widget\" data-widget_type=\"text-editor.default\">\n\t\t\t\t<div class=\"elementor-widget-container\">\n\t\t\t\t\t\t\t\t\t<p><b>SAEME<\/b><span style=\"font-weight: 400;\"> es la <\/span><b>Sociedad Argentina de Especialistas en Medicina Est\u00e9tica<\/b><span style=\"font-weight: 400;\">. Surge, producto de la asociaci\u00f3n de profesionales m\u00e9dicos, especialistas en medicina est\u00e9tica, con el objetivo de ofrecer a nuestros colegas un espacio de formaci\u00f3n continua como as\u00ed tambi\u00e9n un n\u00facleo de pertenencia, y referencia, en nuestra especialidad.<br \/><\/span><span style=\"font-weight: 400;\">Quienes integran la comisi\u00f3n directiva son los creadores de la especialidad y los primeros graduados como especialistas. Ellos trabajan d\u00eda a d\u00eda para seguir formando colegas de excelencia.<br \/><\/span><span style=\"font-weight: 400;\">Siendo la Argentina el 5to pa\u00eds en el mundo en otorgar en titulo de medico especialista universitario a trav\u00e9s de la Universidad de Buenos Aires, a nivel regional y tambi\u00e9n mundial, hoy somos referentes en la especialidad.<\/span><\/p><p><span style=\"font-weight: 400;\">Trabajamos con responsabilidad, seriedad y rigor cient\u00edfico. Siempre comandados por nuestros valores tanto \u00e9ticos como morales.<\/span><\/p><p><span style=\"font-weight: 400;\">Invitamos a m\u00e9dicos especialistas en medicina est\u00e9tica y especialidades afines, y tambi\u00e9n a aquellos m\u00e9dicos que hayan realzado alg\u00fan tipo de formaci\u00f3n en la materia a acompa\u00f1arnos a seguir creciendo juntos.<\/span><\/p>\t\t\t\t\t\t\t\t<\/div>\n\t\t\t\t<\/div>\n\t\t\t\t\t<\/div>\n\t\t<\/div>\n\t\t\t\t\t<\/div>\n\t\t<\/section>\n\t\t\t\t<section class=\"elementor-section elementor-top-section elementor-element elementor-element-4f9c267 elementor-section-boxed elementor-section-height-default elementor-section-height-default\" data-id=\"4f9c267\" data-element_type=\"section\" data-e-type=\"section\">\n\t\t\t\t\t\t<div class=\"elementor-container elementor-column-gap-default\">\n\t\t\t\t\t<div class=\"elementor-column elementor-col-100 elementor-top-column elementor-element elementor-element-9c8ec24\" data-id=\"9c8ec24\" data-element_type=\"column\" data-e-type=\"column\">\n\t\t\t<div class=\"elementor-widget-wrap elementor-element-populated\">\n\t\t\t\t\t\t<div class=\"elementor-element elementor-element-92f06a8 elementor-widget-divider--view-line elementor-widget elementor-widget-divider\" data-id=\"92f06a8\" data-element_type=\"widget\" data-e-type=\"widget\" data-widget_type=\"divider.default\">\n\t\t\t\t<div class=\"elementor-widget-container\">\n\t\t\t\t\t\t\t<div class=\"elementor-divider\">\n\t\t\t<span class=\"elementor-divider-separator\">\n\t\t\t\t\t\t<\/span>\n\t\t<\/div>\n\t\t\t\t\t\t<\/div>\n\t\t\t\t<\/div>\n\t\t\t\t\t<\/div>\n\t\t<\/div>\n\t\t\t\t\t<\/div>\n\t\t<\/section>\n\t\t\t\t<section class=\"elementor-section elementor-top-section elementor-element elementor-element-6be4b65 elementor-section-boxed elementor-section-height-default elementor-section-height-default\" data-id=\"6be4b65\" data-element_type=\"section\" data-e-type=\"section\">\n\t\t\t\t\t\t<div class=\"elementor-container elementor-column-gap-default\">\n\t\t\t\t\t<div class=\"elementor-column elementor-col-100 elementor-top-column elementor-element elementor-element-3080484\" data-id=\"3080484\" data-element_type=\"column\" data-e-type=\"column\">\n\t\t\t<div class=\"elementor-widget-wrap elementor-element-populated\">\n\t\t\t\t\t\t<div class=\"elementor-element elementor-element-b5ec29d elementor-widget thim-ekits-heading elementor-widget-thim-heading\" data-id=\"b5ec29d\" data-element_type=\"widget\" data-e-type=\"widget\" data-widget_type=\"thim-heading.default\">\n\t\t\t\t<div class=\"elementor-widget-container\">\n\t\t\t\t\t<div class=\"sc_heading\"><h3 class=\"title\">Autoridades <\/h3><span class=\"line\"><\/span><\/div>\t\t\t\t<\/div>\n\t\t\t\t<\/div>\n\t\t\t\t\t<\/div>\n\t\t<\/div>\n\t\t\t\t\t<\/div>\n\t\t<\/section>\n\t\t\t\t<section class=\"elementor-section elementor-top-section elementor-element elementor-element-ffaa568 elementor-section-boxed elementor-section-height-default elementor-section-height-default\" data-id=\"ffaa568\" data-element_type=\"section\" data-e-type=\"section\">\n\t\t\t\t\t\t<div class=\"elementor-container elementor-column-gap-default\">\n\t\t\t\t\t<div class=\"elementor-column elementor-col-50 elementor-top-column elementor-element elementor-element-84f85ad\" data-id=\"84f85ad\" data-element_type=\"column\" data-e-type=\"column\">\n\t\t\t<div class=\"elementor-widget-wrap elementor-element-populated\">\n\t\t\t\t\t\t<div class=\"elementor-element elementor-element-5a90fc8 elementor-widget elementor-widget-image\" data-id=\"5a90fc8\" data-element_type=\"widget\" data-e-type=\"widget\" data-widget_type=\"image.default\">\n\t\t\t\t<div class=\"elementor-widget-container\">\n\t\t\t\t\t\t\t\t\t\t\t\t\t\t\t<img fetchpriority=\"high\" decoding=\"async\" width=\"553\" height=\"324\" src=\"https:\/\/lipikascampuseducativo.com\/saeme\/wp-content\/uploads\/2025\/11\/Captura-de-pantalla-2025-11-08-a-las-3.46.37-p.-m.png\" class=\"attachment-large size-large wp-image-22040\" alt=\"\" srcset=\"https:\/\/lipikascampuseducativo.com\/saeme\/wp-content\/uploads\/2025\/11\/Captura-de-pantalla-2025-11-08-a-las-3.46.37-p.-m.png 553w, https:\/\/lipikascampuseducativo.com\/saeme\/wp-content\/uploads\/2025\/11\/Captura-de-pantalla-2025-11-08-a-las-3.46.37-p.-m-300x176.png 300w\" sizes=\"(max-width: 553px) 100vw, 553px\" \/>\t\t\t\t\t\t\t\t\t\t\t\t\t\t\t<\/div>\n\t\t\t\t<\/div>\n\t\t\t\t\t<\/div>\n\t\t<\/div>\n\t\t\t\t<div class=\"elementor-column elementor-col-50 elementor-top-column elementor-element elementor-element-489e805\" data-id=\"489e805\" data-element_type=\"column\" data-e-type=\"column\">\n\t\t\t<div class=\"elementor-widget-wrap elementor-element-populated\">\n\t\t\t\t\t\t<div class=\"elementor-element elementor-element-03fe702 elementor-widget elementor-widget-thim-single-images\" data-id=\"03fe702\" data-element_type=\"widget\" data-e-type=\"widget\" data-widget_type=\"thim-single-images.default\">\n\t\t\t\t<div class=\"elementor-widget-container\">\n\t\t\t\t\t<div class=\"single-image template-base\"><img decoding=\"async\" width=\"553\" height=\"325\" src=\"https:\/\/lipikascampuseducativo.com\/saeme\/wp-content\/uploads\/2025\/11\/Captura-de-pantalla-2025-11-08-a-las-3.46.45-p.-m.png\" class=\"attachment-full size-full\" alt=\"\" srcset=\"https:\/\/lipikascampuseducativo.com\/saeme\/wp-content\/uploads\/2025\/11\/Captura-de-pantalla-2025-11-08-a-las-3.46.45-p.-m.png 553w, https:\/\/lipikascampuseducativo.com\/saeme\/wp-content\/uploads\/2025\/11\/Captura-de-pantalla-2025-11-08-a-las-3.46.45-p.-m-300x176.png 300w\" sizes=\"(max-width: 553px) 100vw, 553px\" \/><\/div>\t\t\t\t<\/div>\n\t\t\t\t<\/div>\n\t\t\t\t\t<\/div>\n\t\t<\/div>\n\t\t\t\t\t<\/div>\n\t\t<\/section>\n\t\t\t\t<section class=\"elementor-section elementor-top-section elementor-element elementor-element-d7aeacf elementor-section-boxed elementor-section-height-default elementor-section-height-default\" data-id=\"d7aeacf\" data-element_type=\"section\" data-e-type=\"section\">\n\t\t\t\t\t\t<div class=\"elementor-container elementor-column-gap-default\">\n\t\t\t\t\t<div class=\"elementor-column elementor-col-100 elementor-top-column elementor-element elementor-element-5eb8f79\" data-id=\"5eb8f79\" data-element_type=\"column\" data-e-type=\"column\">\n\t\t\t<div class=\"elementor-widget-wrap elementor-element-populated\">\n\t\t\t\t\t\t<div class=\"elementor-element elementor-element-d9cde5b elementor-widget elementor-widget-video\" data-id=\"d9cde5b\" data-element_type=\"widget\" data-e-type=\"widget\" data-settings=\"{&quot;video_type&quot;:&quot;vimeo&quot;,&quot;start&quot;:0}\" data-widget_type=\"video.default\">\n\t\t\t\t<div class=\"elementor-widget-container\">\n\t\t\t\t\t\t\t<div class=\"elementor-wrapper elementor-open-inline\">\n\t\t\t<iframe class=\"elementor-video-iframe\" allowfullscreen allow=\"clipboard-write\" title=\"Reproductor de v\u00eddeo vimeo\" src=\"https:\/\/player.vimeo.com\/video\/895660808?color&amp;autopause=0&amp;loop=0&amp;muted=0&amp;title=0&amp;portrait=0&amp;byline=0#t=\"><\/iframe>\t\t<\/div>\n\t\t\t\t\t\t<\/div>\n\t\t\t\t<\/div>\n\t\t\t\t\t<\/div>\n\t\t<\/div>\n\t\t\t\t\t<\/div>\n\t\t<\/section>\n\t\t\t\t<\/div>\n\t\t","protected":false},"excerpt":{"rendered":"<p>\u00bfQuienes componen SAEME? SAEME es la Sociedad Argentina de Especialistas en Medicina Est\u00e9tica. Surge, producto de la asociaci\u00f3n de profesionales m\u00e9dicos, especialistas en medicina est\u00e9tica, con el objetivo de ofrecer a nuestros colegas un espacio de formaci\u00f3n continua como as\u00ed &hellip; <\/p>\n","protected":false},"author":1,"featured_media":0,"parent":0,"menu_order":0,"comment_status":"closed","ping_status":"closed","template":"","meta":{"_bbp_topic_count":0,"_bbp_reply_count":0,"_bbp_total_topic_count":0,"_bbp_total_reply_count":0,"_bbp_voice_count":0,"_bbp_anonymous_reply_count":0,"_bbp_topic_count_hidden":0,"_bbp_reply_count_hidden":0,"_bbp_forum_subforum_count":0,"pmpro_default_level":"","footnotes":""},"class_list":["post-9050","page","type-page","status-publish","hentry","pmpro-has-access"],"_links":{"self":[{"href":"https:\/\/lipikascampuseducativo.com\/saeme\/wp-json\/wp\/v2\/pages\/9050","targetHints":{"allow":["GET"]}}],"collection":[{"href":"https:\/\/lipikascampuseducativo.com\/saeme\/wp-json\/wp\/v2\/pages"}],"about":[{"href":"https:\/\/lipikascampuseducativo.com\/saeme\/wp-json\/wp\/v2\/types\/page"}],"author":[{"embeddable":true,"href":"https:\/\/lipikascampuseducativo.com\/saeme\/wp-json\/wp\/v2\/users\/1"}],"replies":[{"embeddable":true,"href":"https:\/\/lipikascampuseducativo.com\/saeme\/wp-json\/wp\/v2\/comments?post=9050"}],"version-history":[{"count":0,"href":"https:\/\/lipikascampuseducativo.com\/saeme\/wp-json\/wp\/v2\/pages\/9050\/revisions"}],"wp:attachment":[{"href":"https:\/\/lipikascampuseducativo.com\/saeme\/wp-json\/wp\/v2\/media?parent=9050"}],"curies":[{"name":"wp","href":"https:\/\/api.w.org\/{rel}","templated":true}]}}